{"id":3601,"date":"2020-02-01T14:45:28","date_gmt":"2020-02-01T14:45:28","guid":{"rendered":"https:\/\/campinglagodimonate.it\/portfolio-items\/monte-san-giorgio-46-km\/"},"modified":"2023-02-02T17:05:23","modified_gmt":"2023-02-02T17:05:23","slug":"monte-san-giorgio-46-km","status":"publish","type":"avada_portfolio","link":"https:\/\/campinglagodimonate.it\/fr\/portfolio-items\/monte-san-giorgio-46-km\/","title":{"rendered":"Monte San Giorgio (46 Km)"},"content":{"rendered":"<div class=\"fusion-fullwidth fullwidth-box fusion-builder-row-1 hundred-percent-fullwidth non-hundred-percent-height-scrolling\" style=\"--awb-border-radius-top-left:0px;--awb-border-radius-top-right:0px;--awb-border-radius-bottom-right:0px;--awb-border-radius-bottom-left:0px;--awb-overflow:visible;--awb-flex-wrap:wrap;\" ><div class=\"fusion-builder-row fusion-row\"><div class=\"fusion-layout-column fusion_builder_column fusion-builder-column-0 fusion_builder_column_1_1 1_1 fusion-one-full fusion-column-first fusion-column-last fusion-column-no-min-height\" style=\"--awb-bg-size:cover;--awb-margin-bottom:0px;\"><div class=\"fusion-column-wrapper fusion-flex-column-wrapper-legacy\"><div class=\"fusion-title title fusion-title-1 fusion-sep-none fusion-title-text fusion-title-size-two\" style=\"--awb-margin-top-small:0px;--awb-margin-right-small:0px;--awb-margin-bottom-small:20px;--awb-margin-left-small:0px;\"><h2 class=\"fusion-title-heading title-heading-left fusion-responsive-typography-calculated\" style=\"margin:0;--fontSize:56;line-height:1.39;\">Monte San Giorgio (46 Km)<\/h2><\/div><div class=\"fusion-sep-clear\"><\/div><div class=\"fusion-separator fusion-full-width-sep\" style=\"margin-left: auto;margin-right: auto;margin-top:5px;margin-bottom:5px;width:100%;\"><\/div><div class=\"fusion-sep-clear\"><\/div><div class=\"fusion-clearfix\"><\/div><\/div><\/div><div class=\"fusion-layout-column fusion_builder_column fusion-builder-column-1 fusion_builder_column_1_1 1_1 fusion-one-full fusion-column-first fusion-column-last fusion-column-no-min-height\" style=\"--awb-bg-size:cover;--awb-margin-bottom:0px;\"><div class=\"fusion-column-wrapper fusion-flex-column-wrapper-legacy\"><div class=\"fusion-text fusion-text-1\"><div class=\"field field-name-body field-type-text-with-summary field-label-hidden\">\n<div class=\"field-items\">\n<div class=\"field-item even\">\n<p>Une visite \u00e0 ces lieux, dans le territoire et dans les <strong>mus\u00e9es des fossiles<\/strong>, vous permettra de d\u00e9couvrir le charme d\u2019un monde perdu remontant \u00e0 il y a 200 millions d\u2019ann\u00e9es. Le Monte San Giorgio fait partie des gisements fossilif\u00e8res les plus importants au Monde pour le Trias Moyen, une p\u00e9riode g\u00e9ologique comprise entre il y a 247 et 237 millions d\u2019ann\u00e9es. Les <strong>fossiles de cette montagne<\/strong>, connus pour leur vari\u00e9t\u00e9 et leur \u00e9tat de pr\u00e9servation exceptionnel, ont \u00e9t\u00e9 mis au jour et analys\u00e9s depuis 1850 par des pal\u00e9ontologues suisses et italiens. La reconnaissance internationale de ce gisement a \u00e9t\u00e9 renforc\u00e9e par son inscription au <strong>R\u00e9pertoire du Patrimoine mondial de l\u2019UNESCO<\/strong> en 2003 pour le c\u00f4t\u00e9 suisse et en 2010 pour le c\u00f4t\u00e9 italien.<\/p>\n<div class=\"fusion-button-wrapper\"><a class=\"fusion-button button-flat fusion-button-default-size button-default fusion-button-default button-1 fusion-button-default-span fusion-button-default-type\" target=\"_blank\" rel=\"noopener noreferrer\" href=\"http:\/\/www.vareseturismo.it\/blog\/monte-san-giorgio\"><span class=\"fusion-button-text awb-button__text awb-button__text--default\">D\u00e9couvrez-plus<\/span><\/a><\/div><\/div>\n<\/div>\n<\/div>\n<\/div><div class=\"fusion-clearfix\"><\/div><\/div><\/div><\/div><\/div>\n","protected":false},"excerpt":{"rendered":"","protected":false},"author":1,"featured_media":2680,"menu_order":0,"comment_status":"open","ping_status":"closed","template":"","format":"standard","meta":{"footnotes":""},"portfolio_category":[87],"portfolio_skills":[],"portfolio_tags":[],"class_list":["post-3601","avada_portfolio","type-avada_portfolio","status-publish","format-standard","has-post-thumbnail","hentry","portfolio_category-varese-et-province"],"_links":{"self":[{"href":"https:\/\/campinglagodimonate.it\/fr\/wp-json\/wp\/v2\/avada_portfolio\/3601","targetHints":{"allow":["GET"]}}],"collection":[{"href":"https:\/\/campinglagodimonate.it\/fr\/wp-json\/wp\/v2\/avada_portfolio"}],"about":[{"href":"https:\/\/campinglagodimonate.it\/fr\/wp-json\/wp\/v2\/types\/avada_portfolio"}],"author":[{"embeddable":true,"href":"https:\/\/campinglagodimonate.it\/fr\/wp-json\/wp\/v2\/users\/1"}],"replies":[{"embeddable":true,"href":"https:\/\/campinglagodimonate.it\/fr\/wp-json\/wp\/v2\/comments?post=3601"}],"version-history":[{"count":2,"href":"https:\/\/campinglagodimonate.it\/fr\/wp-json\/wp\/v2\/avada_portfolio\/3601\/revisions"}],"predecessor-version":[{"id":3603,"href":"https:\/\/campinglagodimonate.it\/fr\/wp-json\/wp\/v2\/avada_portfolio\/3601\/revisions\/3603"}],"wp:featuredmedia":[{"embeddable":true,"href":"https:\/\/campinglagodimonate.it\/fr\/wp-json\/wp\/v2\/media\/2680"}],"wp:attachment":[{"href":"https:\/\/campinglagodimonate.it\/fr\/wp-json\/wp\/v2\/media?parent=3601"}],"wp:term":[{"taxonomy":"portfolio_category","embeddable":true,"href":"https:\/\/campinglagodimonate.it\/fr\/wp-json\/wp\/v2\/portfolio_category?post=3601"},{"taxonomy":"portfolio_skills","embeddable":true,"href":"https:\/\/campinglagodimonate.it\/fr\/wp-json\/wp\/v2\/portfolio_skills?post=3601"},{"taxonomy":"portfolio_tags","embeddable":true,"href":"https:\/\/campinglagodimonate.it\/fr\/wp-json\/wp\/v2\/portfolio_tags?post=3601"}],"curies":[{"name":"wp","href":"https:\/\/api.w.org\/{rel}","templated":true}]}}

<div class="fusion-fullwidth fullwidth-box fusion-builder-row-1 hundred-percent-fullwidth non-hundred-percent-height-scrolling" style="--awb-border-radius-top-left:0px;--awb-border-radius-top-right:0px;--awb-border-radius-bottom-right:0px;--awb-border-radius-bottom-left:0px;--awb-overflow:visible;--awb-flex-wrap:wrap;" ><div class="fusion-builder-row fusion-row"><div class="fusion-layout-column fusion_builder_column fusion-builder-column-0 fusion_builder_column_1_1 1_1 fusion-one-full fusion-column-first fusion-column-last fusion-column-no-min-height" style="--awb-bg-size:cover;--awb-margin-bottom:0px;"><div class="fusion-column-wrapper fusion-flex-column-wrapper-legacy"><div class="fusion-title title fusion-title-1 fusion-sep-none fusion-title-text fusion-title-size-two" style="--awb-margin-top-small:0px;--awb-margin-right-small:0px;--awb-margin-bottom-small:20px;--awb-margin-left-small:0px;"><h2 class="fusion-title-heading title-heading-left fusion-responsive-typography-calculated" style="margin:0;--fontSize:56;line-height:1.39;">Monte San Giorgio (46 Km)</h2></div><div class="fusion-sep-clear"></div><div class="fusion-separator fusion-full-width-sep" style="margin-left: auto;margin-right: auto;margin-top:5px;margin-bottom:5px;width:100%;"></div><div class="fusion-sep-clear"></div><div class="fusion-clearfix"></div></div></div><div class="fusion-layout-column fusion_builder_column fusion-builder-column-1 fusion_builder_column_1_1 1_1 fusion-one-full fusion-column-first fusion-column-last fusion-column-no-min-height" style="--awb-bg-size:cover;--awb-margin-bottom:0px;"><div class="fusion-column-wrapper fusion-flex-column-wrapper-legacy"><div class="fusion-text fusion-text-1"><div class="field field-name-body field-type-text-with-summary field-label-hidden">
<div class="field-items">
<div class="field-item even">
<p>Une visite à ces lieux, dans le territoire et dans les <strong>musées des fossiles</strong>, vous permettra de découvrir le charme d’un monde perdu remontant à il y a 200 millions d’années. Le Monte San Giorgio fait partie des gisements fossilifères les plus importants au Monde pour le Trias Moyen, une période géologique comprise entre il y a 247 et 237 millions d’années. Les <strong>fossiles de cette montagne</strong>, connus pour leur variété et leur état de préservation exceptionnel, ont été mis au jour et analysés depuis 1850 par des paléontologues suisses et italiens. La reconnaissance internationale de ce gisement a été renforcée par son inscription au <strong>Répertoire du Patrimoine mondial de l’UNESCO</strong> en 2003 pour le côté suisse et en 2010 pour le côté italien.</p>
<div class="fusion-button-wrapper"><a class="fusion-button button-flat fusion-button-default-size button-default fusion-button-default button-1 fusion-button-default-span fusion-button-default-type" target="_blank" rel="noopener noreferrer" href="http://www.vareseturismo.it/blog/monte-san-giorgio"><span class="fusion-button-text awb-button__text awb-button__text--default">Découvrez-plus</span></a></div></div>
</div>
</div>
</div><div class="fusion-clearfix"></div></div></div></div></div>
