{"id":3517,"date":"2020-02-01T17:51:52","date_gmt":"2020-02-01T17:51:52","guid":{"rendered":"https:\/\/campinglagodimonate.it\/portfolio-items\/villa-della-porta-bozzolo-18-km\/"},"modified":"2023-02-02T16:00:36","modified_gmt":"2023-02-02T16:00:36","slug":"villa-della-porta-bozzolo-18-km","status":"publish","type":"avada_portfolio","link":"https:\/\/campinglagodimonate.it\/fr\/portfolio-items\/villa-della-porta-bozzolo-18-km\/","title":{"rendered":"Villa della Porta Bozzolo (18 km)"},"content":{"rendered":"<div class=\"fusion-fullwidth fullwidth-box fusion-builder-row-1 hundred-percent-fullwidth non-hundred-percent-height-scrolling\" style=\"--awb-border-radius-top-left:0px;--awb-border-radius-top-right:0px;--awb-border-radius-bottom-right:0px;--awb-border-radius-bottom-left:0px;--awb-overflow:visible;--awb-flex-wrap:wrap;\" ><div class=\"fusion-builder-row fusion-row\"><div class=\"fusion-layout-column fusion_builder_column fusion-builder-column-0 fusion_builder_column_1_1 1_1 fusion-one-full fusion-column-first fusion-column-last fusion-column-no-min-height\" style=\"--awb-bg-size:cover;--awb-margin-bottom:0px;\"><div class=\"fusion-column-wrapper fusion-flex-column-wrapper-legacy\"><div class=\"fusion-title title fusion-title-1 fusion-sep-none fusion-title-text fusion-title-size-two\" style=\"--awb-margin-top-small:0px;--awb-margin-right-small:0px;--awb-margin-bottom-small:20px;--awb-margin-left-small:0px;\"><h2 class=\"fusion-title-heading title-heading-left fusion-responsive-typography-calculated\" style=\"margin:0;--fontSize:56;line-height:1.39;\">Villa della Porta Bozzolo (18 km)<\/h2><\/div><div class=\"fusion-sep-clear\"><\/div><div class=\"fusion-separator fusion-full-width-sep\" style=\"margin-left: auto;margin-right: auto;margin-top:5px;margin-bottom:5px;width:100%;\"><\/div><div class=\"fusion-sep-clear\"><\/div><div class=\"fusion-clearfix\"><\/div><\/div><\/div><div class=\"fusion-layout-column fusion_builder_column fusion-builder-column-1 fusion_builder_column_1_1 1_1 fusion-one-full fusion-column-first fusion-column-last fusion-column-no-min-height\" style=\"--awb-bg-size:cover;--awb-margin-bottom:0px;\"><div class=\"fusion-column-wrapper fusion-flex-column-wrapper-legacy\"><div class=\"fusion-text fusion-text-1\"><div class=\"field field-name-body field-type-text-with-summary field-label-hidden\">\n<div class=\"field-items\">\n<div class=\"field-item even\">\n<p>Construite au XVIe si\u00e8cle comme <strong>r\u00e9sidence de campagne<\/strong>, la Villa della Porta Bozzolo est devenue par la suite un si\u00e8ge de campagne pour l\u2019aristocratie. Un impressionnant jardin \u00e0 l\u2019italienne a ensuite \u00e9t\u00e9 ajout\u00e9, qui est aujourd\u2019hui consid\u00e9r\u00e9 comme l\u2019un des exemples les plus majestueux de conception de jardin en Italie. Les int\u00e9rieurs orn\u00e9s conservent l\u2019une des s\u00e9ries de fresques les plus sophistiqu\u00e9es et d\u00e9coratives de la vie lombarde au XVIIIe si\u00e8cle, attribu\u00e9e \u00e0 l\u2019artiste de Var\u00e8se Magatti. La villa principale est entour\u00e9e de <strong>d\u00e9pendances fascinantes<\/strong>, telles que les \u00e9tables, les \u00e9curies, les greniers et un pressoir monumental.<\/p>\n<p>Ne manquez pas le parc et la roseraie <strong>en fleurs au mois de mai<\/strong>. La Villa accueille \u00e9galement un caf\u00e9-restaurant et de nombreux \u00e9v\u00e9nements en \u00e9t\u00e9.<\/p>\n<div class=\"fusion-button-wrapper\"><a class=\"fusion-button button-flat fusion-button-default-size button-default fusion-button-default button-1 fusion-button-default-span fusion-button-default-type\" target=\"_blank\" rel=\"noopener noreferrer\" href=\"http:\/\/www.vareseturismo.it\/blog\/villa-della-porta-bozzolo\"><span class=\"fusion-button-text awb-button__text awb-button__text--default\">D\u00e9couvrez-plus<\/span><\/a><\/div><\/div>\n<\/div>\n<\/div>\n<\/div><div class=\"fusion-clearfix\"><\/div><\/div><\/div><\/div><\/div>\n","protected":false},"excerpt":{"rendered":"","protected":false},"author":1,"featured_media":2752,"menu_order":0,"comment_status":"open","ping_status":"closed","template":"","format":"standard","meta":{"footnotes":""},"portfolio_category":[82],"portfolio_skills":[],"portfolio_tags":[],"class_list":["post-3517","avada_portfolio","type-avada_portfolio","status-publish","format-standard","has-post-thumbnail","hentry","portfolio_category-musees-et-sites-dinteret-culturel"],"_links":{"self":[{"href":"https:\/\/campinglagodimonate.it\/fr\/wp-json\/wp\/v2\/avada_portfolio\/3517","targetHints":{"allow":["GET"]}}],"collection":[{"href":"https:\/\/campinglagodimonate.it\/fr\/wp-json\/wp\/v2\/avada_portfolio"}],"about":[{"href":"https:\/\/campinglagodimonate.it\/fr\/wp-json\/wp\/v2\/types\/avada_portfolio"}],"author":[{"embeddable":true,"href":"https:\/\/campinglagodimonate.it\/fr\/wp-json\/wp\/v2\/users\/1"}],"replies":[{"embeddable":true,"href":"https:\/\/campinglagodimonate.it\/fr\/wp-json\/wp\/v2\/comments?post=3517"}],"version-history":[{"count":2,"href":"https:\/\/campinglagodimonate.it\/fr\/wp-json\/wp\/v2\/avada_portfolio\/3517\/revisions"}],"predecessor-version":[{"id":3519,"href":"https:\/\/campinglagodimonate.it\/fr\/wp-json\/wp\/v2\/avada_portfolio\/3517\/revisions\/3519"}],"wp:featuredmedia":[{"embeddable":true,"href":"https:\/\/campinglagodimonate.it\/fr\/wp-json\/wp\/v2\/media\/2752"}],"wp:attachment":[{"href":"https:\/\/campinglagodimonate.it\/fr\/wp-json\/wp\/v2\/media?parent=3517"}],"wp:term":[{"taxonomy":"portfolio_category","embeddable":true,"href":"https:\/\/campinglagodimonate.it\/fr\/wp-json\/wp\/v2\/portfolio_category?post=3517"},{"taxonomy":"portfolio_skills","embeddable":true,"href":"https:\/\/campinglagodimonate.it\/fr\/wp-json\/wp\/v2\/portfolio_skills?post=3517"},{"taxonomy":"portfolio_tags","embeddable":true,"href":"https:\/\/campinglagodimonate.it\/fr\/wp-json\/wp\/v2\/portfolio_tags?post=3517"}],"curies":[{"name":"wp","href":"https:\/\/api.w.org\/{rel}","templated":true}]}}

<div class="fusion-fullwidth fullwidth-box fusion-builder-row-1 hundred-percent-fullwidth non-hundred-percent-height-scrolling" style="--awb-border-radius-top-left:0px;--awb-border-radius-top-right:0px;--awb-border-radius-bottom-right:0px;--awb-border-radius-bottom-left:0px;--awb-overflow:visible;--awb-flex-wrap:wrap;" ><div class="fusion-builder-row fusion-row"><div class="fusion-layout-column fusion_builder_column fusion-builder-column-0 fusion_builder_column_1_1 1_1 fusion-one-full fusion-column-first fusion-column-last fusion-column-no-min-height" style="--awb-bg-size:cover;--awb-margin-bottom:0px;"><div class="fusion-column-wrapper fusion-flex-column-wrapper-legacy"><div class="fusion-title title fusion-title-1 fusion-sep-none fusion-title-text fusion-title-size-two" style="--awb-margin-top-small:0px;--awb-margin-right-small:0px;--awb-margin-bottom-small:20px;--awb-margin-left-small:0px;"><h2 class="fusion-title-heading title-heading-left fusion-responsive-typography-calculated" style="margin:0;--fontSize:56;line-height:1.39;">Villa della Porta Bozzolo (18 km)</h2></div><div class="fusion-sep-clear"></div><div class="fusion-separator fusion-full-width-sep" style="margin-left: auto;margin-right: auto;margin-top:5px;margin-bottom:5px;width:100%;"></div><div class="fusion-sep-clear"></div><div class="fusion-clearfix"></div></div></div><div class="fusion-layout-column fusion_builder_column fusion-builder-column-1 fusion_builder_column_1_1 1_1 fusion-one-full fusion-column-first fusion-column-last fusion-column-no-min-height" style="--awb-bg-size:cover;--awb-margin-bottom:0px;"><div class="fusion-column-wrapper fusion-flex-column-wrapper-legacy"><div class="fusion-text fusion-text-1"><div class="field field-name-body field-type-text-with-summary field-label-hidden">
<div class="field-items">
<div class="field-item even">
<p>Construite au XVIe siècle comme <strong>résidence de campagne</strong>, la Villa della Porta Bozzolo est devenue par la suite un siège de campagne pour l’aristocratie. Un impressionnant jardin à l’italienne a ensuite été ajouté, qui est aujourd’hui considéré comme l’un des exemples les plus majestueux de conception de jardin en Italie. Les intérieurs ornés conservent l’une des séries de fresques les plus sophistiquées et décoratives de la vie lombarde au XVIIIe siècle, attribuée à l’artiste de Varèse Magatti. La villa principale est entourée de <strong>dépendances fascinantes</strong>, telles que les étables, les écuries, les greniers et un pressoir monumental.</p>
<p>Ne manquez pas le parc et la roseraie <strong>en fleurs au mois de mai</strong>. La Villa accueille également un café-restaurant et de nombreux événements en été.</p>
<div class="fusion-button-wrapper"><a class="fusion-button button-flat fusion-button-default-size button-default fusion-button-default button-1 fusion-button-default-span fusion-button-default-type" target="_blank" rel="noopener noreferrer" href="http://www.vareseturismo.it/blog/villa-della-porta-bozzolo"><span class="fusion-button-text awb-button__text awb-button__text--default">Découvrez-plus</span></a></div></div>
</div>
</div>
</div><div class="fusion-clearfix"></div></div></div></div></div>
