{"id":3493,"date":"2020-02-01T18:17:20","date_gmt":"2020-02-01T18:17:20","guid":{"rendered":"https:\/\/campinglagodimonate.it\/portfolio-items\/parcs-naturels-dans-la-province-de-varese\/"},"modified":"2023-02-02T15:55:59","modified_gmt":"2023-02-02T15:55:59","slug":"parcs-naturels-dans-la-province-de-varese","status":"publish","type":"avada_portfolio","link":"https:\/\/campinglagodimonate.it\/fr\/portfolio-items\/parcs-naturels-dans-la-province-de-varese\/","title":{"rendered":"Parcs naturels dans la province de Var\u00e8se"},"content":{"rendered":"<div class=\"fusion-fullwidth fullwidth-box fusion-builder-row-1 hundred-percent-fullwidth non-hundred-percent-height-scrolling\" style=\"--awb-border-radius-top-left:0px;--awb-border-radius-top-right:0px;--awb-border-radius-bottom-right:0px;--awb-border-radius-bottom-left:0px;--awb-overflow:visible;--awb-flex-wrap:wrap;\" ><div class=\"fusion-builder-row fusion-row\"><div class=\"fusion-layout-column fusion_builder_column fusion-builder-column-0 fusion_builder_column_1_1 1_1 fusion-one-full fusion-column-first fusion-column-last fusion-column-no-min-height\" style=\"--awb-bg-size:cover;--awb-margin-bottom:0px;\"><div class=\"fusion-column-wrapper fusion-flex-column-wrapper-legacy\"><div class=\"fusion-title title fusion-title-1 fusion-sep-none fusion-title-text fusion-title-size-two\" style=\"--awb-margin-top-small:0px;--awb-margin-right-small:0px;--awb-margin-bottom-small:20px;--awb-margin-left-small:0px;\"><h2 class=\"fusion-title-heading title-heading-left fusion-responsive-typography-calculated\" style=\"margin:0;--fontSize:56;line-height:1.39;\">Parcs naturels dans la province de Var\u00e8se<\/h2><\/div><div class=\"fusion-sep-clear\"><\/div><div class=\"fusion-separator fusion-full-width-sep\" style=\"margin-left: auto;margin-right: auto;margin-top:5px;margin-bottom:5px;width:100%;\"><\/div><div class=\"fusion-sep-clear\"><\/div><div class=\"fusion-clearfix\"><\/div><\/div><\/div><div class=\"fusion-layout-column fusion_builder_column fusion-builder-column-1 fusion_builder_column_1_1 1_1 fusion-one-full fusion-column-first fusion-column-last fusion-column-no-min-height\" style=\"--awb-bg-size:cover;--awb-margin-bottom:0px;\"><div class=\"fusion-column-wrapper fusion-flex-column-wrapper-legacy\"><div class=\"fusion-text fusion-text-1\"><div class=\"field field-name-body field-type-text-with-summary field-label-hidden\">\n<div class=\"field-items\">\n<div class=\"field-item even\">\n<p>Espaces non contamin\u00e9s, verdure et nature : d\u00e9couvrez les principaux parcs naturels de notre territoire.<\/p>\n<p><strong>Parco Regionale del Campo dei Fiori<\/strong> : 6300 hectares sur le territoire de 17 communes et de 2 Communaut\u00e9s de Montagne, le plus grand parc de la province, avec des sentiers, des sommets et des vues \u00e0 couper le souffle. Il comprend deux massifs montagneux : Campo dei Fiori et Martica-Chiusarella et son si\u00e8ge est situ\u00e9 \u00e0 Brinzio.<\/p>\n<p>D\u00e9couvrez les sentiers de <a href=\"http:\/\/www.vareseturismo.it\/gli-itinerari-trekking?area=104&amp;field_lunghezza_km_tid_selective=All&amp;field_difficolta_tid=All\" target=\"_blank\" rel=\"noopener noreferrer\">trekking<\/a> et les <a href=\"http:\/\/www.vareseturismo.it\/gli-itinerari-bici?area=104&amp;field_lunghezza_km_tid_selective=All&amp;field_difficolta_tid=All\" target=\"_blank\" rel=\"noopener noreferrer\">pistes cyclables<\/a> des environs.<\/p>\n<p><strong>Parco del Ticino<\/strong> : Il s\u2019\u00e9tend du Lac Majeur \u00e0 la confluence avec la rivi\u00e8re P\u00f4, sur une superficie totale d\u2019environ 92.000 hectares, dans 47 communes r\u00e9parties sur les provinces de Var\u00e8se, Milan et Pavie.<\/p>\n<p>Gr\u00e2ce \u00e0 son patrimoine naturel, paysager, artistique et historique, la vall\u00e9e du Tessin a \u00e9t\u00e9 reconnue par l\u2019UNESCO comme une r\u00e9serve de biosph\u00e8re en 2002. La piste cyclable pr\u00e9sente un grand int\u00e9r\u00eat pour les amateurs de deux-roues : dans le pays de Var\u00e8se, la piste cyclable d\u2019environ 80 km part de Sesto Calende et serpente \u00e0 travers les paysages pr\u00e9alpins typiques qui embrassent la vall\u00e9e du Tessin. Sur le lit du fleuve, il n\u2019est pas difficile d\u2019apercevoir des h\u00e9rons blancs et gris, des aigrettes garzettes, des colverts et des foulques.<\/p>\n<p>D\u00e9couvrez les sentiers de <a href=\"http:\/\/www.vareseturismo.it\/gli-itinerari-trekking?area=103&amp;field_lunghezza_km_tid_selective=All&amp;field_difficolta_tid=All\" target=\"_blank\" rel=\"noopener noreferrer\">trekking<\/a> et les <a href=\"http:\/\/www.vareseturismo.it\/gli-itinerari-bici?area=103&amp;field_lunghezza_km_tid_selective=All&amp;field_difficolta_tid=All\" target=\"_blank\" rel=\"noopener noreferrer\">pistes cyclables<\/a> des environs.<\/p>\n<p><strong>Parco Valle del Lanza: <\/strong>il se d\u00e9veloppe principalement autour du flanc fluvial du torrent Lanza, sur 5 communes Bizzarone, Cagno, Valmorea, Rodero et Malnate, qui traverse tout le parc de la fronti\u00e8re suisse au nord-est jusqu\u2019\u00e0 son entr\u00e9e dans la rivi\u00e8re Olona au sud-ouest, en coupant une vall\u00e9e \u00e9troite dans un territoire purement collinaire. Il englobe plusieurs itin\u00e9raires et points d\u2019int\u00e9r\u00eat, dont les anciennes voies du chemin de fer de Valmorea et la grotte de Molera.<\/p>\n<p>D\u00e9couvrez les sentiers de <a href=\"http:\/\/www.vareseturismo.it\/gli-itinerari-trekking?area=105&amp;field_lunghezza_km_tid_selective=All&amp;field_difficolta_tid=All\" target=\"_blank\" rel=\"noopener noreferrer\">trekking<\/a> et les <a href=\"http:\/\/www.vareseturismo.it\/gli-itinerari-bici?area=105&amp;field_lunghezza_km_tid_selective=All&amp;field_difficolta_tid=All\" target=\"_blank\" rel=\"noopener noreferrer\">pistes cyclables<\/a> des environs.<\/p>\n<p><strong>Parco della Quassa<\/strong>: le golfe de la Quassa s\u2019\u00e9tend de la pointe de Ranco jusqu\u2019au dernier des fourneaux d\u2019Ispra. Il s\u2019agit d\u2019un petit parc prot\u00e9g\u00e9, qui abrite plusieurs esp\u00e8ces botaniques et animales, avec diff\u00e9rents sentiers \u00e0 suivre, aussi bien le long des rives du lac que dans le vert des bois et des pr\u00e9s.<\/p>\n<p>D\u00e9couvrez les sentiers de <a href=\"http:\/\/www.vareseturismo.it\/gli-itinerari-trekking?area=103&amp;field_lunghezza_km_tid_selective=All&amp;field_difficolta_tid=All\" target=\"_blank\" rel=\"noopener noreferrer\">trekking<\/a> et les <a href=\"http:\/\/www.vareseturismo.it\/gli-itinerari-bici?area=103&amp;field_lunghezza_km_tid_selective=All&amp;field_difficolta_tid=All\" target=\"_blank\" rel=\"noopener noreferrer\">pistes cyclables<\/a> des environs.<\/p>\n<p><strong>Parco RTO (Rile Tenore Olona)<\/strong> : parc d\u2019int\u00e9r\u00eat supra communal de plus de 2.700 hectares situ\u00e9s le long de la partie moyenne de la vall\u00e9e de la rivi\u00e8re Olona, qui abrite \u00e9galement le monument naturel \u00ab Gonfolite e Forre dell\u2019Olona \u00bb. Le parc tire son nom des trois ruisseaux qui le traversent et regroupe 12 communes de la r\u00e9gion, dans le cadre d\u2019un projet de protection de l\u2019environnement et de la biodiversit\u00e9.<\/p>\n<p><strong>Parco dell\u2019Argentera<\/strong>: plus de 5000 m\u00e8tres carr\u00e9s de parc situ\u00e9s dans la commune de Cadegliano Vicongao et travers\u00e9s par le ruisseau Dovrana. Le vaste parc contient de nombreuses beaut\u00e9s naturelles, parmi lesquelles un petit lac et quelques moulins parfaitement conserv\u00e9s. La zone est \u00e9galement travers\u00e9e par une piste cyclable.<\/p>\n<p>Les chiens de toutes tailles sont autoris\u00e9s en laisse conform\u00e9ment aux r\u00e8gles g\u00e9n\u00e9rales d&rsquo;hygi\u00e8ne et de protection de la s\u00e9curit\u00e9 publique*.<\/p>\n<p>*Pour chaque besoin, se r\u00e9f\u00e9rer \u00e0 la r\u00e9glementation municipale.<\/p>\n<div class=\"fusion-button-wrapper\"><a class=\"fusion-button button-flat fusion-button-default-size button-default fusion-button-default button-1 fusion-button-default-span fusion-button-default-type\" target=\"_blank\" rel=\"noopener noreferrer\" href=\"http:\/\/www.vareseturismo.it\/blog\/parchi-naturali\"><span class=\"fusion-button-text awb-button__text awb-button__text--default\">D\u00e9couvrez-plus<\/span><\/a><\/div><\/div>\n<\/div>\n<\/div>\n<\/div><div class=\"fusion-clearfix\"><\/div><\/div><\/div><\/div><\/div>\n","protected":false},"excerpt":{"rendered":"","protected":false},"author":1,"featured_media":2776,"menu_order":0,"comment_status":"open","ping_status":"closed","template":"","format":"standard","meta":{"footnotes":""},"portfolio_category":[81],"portfolio_skills":[],"portfolio_tags":[],"class_list":["post-3493","avada_portfolio","type-avada_portfolio","status-publish","format-standard","has-post-thumbnail","hentry","portfolio_category-sport-fr"],"_links":{"self":[{"href":"https:\/\/campinglagodimonate.it\/fr\/wp-json\/wp\/v2\/avada_portfolio\/3493","targetHints":{"allow":["GET"]}}],"collection":[{"href":"https:\/\/campinglagodimonate.it\/fr\/wp-json\/wp\/v2\/avada_portfolio"}],"about":[{"href":"https:\/\/campinglagodimonate.it\/fr\/wp-json\/wp\/v2\/types\/avada_portfolio"}],"author":[{"embeddable":true,"href":"https:\/\/campinglagodimonate.it\/fr\/wp-json\/wp\/v2\/users\/1"}],"replies":[{"embeddable":true,"href":"https:\/\/campinglagodimonate.it\/fr\/wp-json\/wp\/v2\/comments?post=3493"}],"version-history":[{"count":2,"href":"https:\/\/campinglagodimonate.it\/fr\/wp-json\/wp\/v2\/avada_portfolio\/3493\/revisions"}],"predecessor-version":[{"id":3495,"href":"https:\/\/campinglagodimonate.it\/fr\/wp-json\/wp\/v2\/avada_portfolio\/3493\/revisions\/3495"}],"wp:featuredmedia":[{"embeddable":true,"href":"https:\/\/campinglagodimonate.it\/fr\/wp-json\/wp\/v2\/media\/2776"}],"wp:attachment":[{"href":"https:\/\/campinglagodimonate.it\/fr\/wp-json\/wp\/v2\/media?parent=3493"}],"wp:term":[{"taxonomy":"portfolio_category","embeddable":true,"href":"https:\/\/campinglagodimonate.it\/fr\/wp-json\/wp\/v2\/portfolio_category?post=3493"},{"taxonomy":"portfolio_skills","embeddable":true,"href":"https:\/\/campinglagodimonate.it\/fr\/wp-json\/wp\/v2\/portfolio_skills?post=3493"},{"taxonomy":"portfolio_tags","embeddable":true,"href":"https:\/\/campinglagodimonate.it\/fr\/wp-json\/wp\/v2\/portfolio_tags?post=3493"}],"curies":[{"name":"wp","href":"https:\/\/api.w.org\/{rel}","templated":true}]}}

Parcs naturels dans la province de Varèse

<div class="fusion-fullwidth fullwidth-box fusion-builder-row-1 hundred-percent-fullwidth non-hundred-percent-height-scrolling" style="--awb-border-radius-top-left:0px;--awb-border-radius-top-right:0px;--awb-border-radius-bottom-right:0px;--awb-border-radius-bottom-left:0px;--awb-overflow:visible;--awb-flex-wrap:wrap;" ><div class="fusion-builder-row fusion-row"><div class="fusion-layout-column fusion_builder_column fusion-builder-column-0 fusion_builder_column_1_1 1_1 fusion-one-full fusion-column-first fusion-column-last fusion-column-no-min-height" style="--awb-bg-size:cover;--awb-margin-bottom:0px;"><div class="fusion-column-wrapper fusion-flex-column-wrapper-legacy"><div class="fusion-title title fusion-title-1 fusion-sep-none fusion-title-text fusion-title-size-two" style="--awb-margin-top-small:0px;--awb-margin-right-small:0px;--awb-margin-bottom-small:20px;--awb-margin-left-small:0px;"><h2 class="fusion-title-heading title-heading-left fusion-responsive-typography-calculated" style="margin:0;--fontSize:56;line-height:1.39;">Parcs naturels dans la province de Varèse</h2></div><div class="fusion-sep-clear"></div><div class="fusion-separator fusion-full-width-sep" style="margin-left: auto;margin-right: auto;margin-top:5px;margin-bottom:5px;width:100%;"></div><div class="fusion-sep-clear"></div><div class="fusion-clearfix"></div></div></div><div class="fusion-layout-column fusion_builder_column fusion-builder-column-1 fusion_builder_column_1_1 1_1 fusion-one-full fusion-column-first fusion-column-last fusion-column-no-min-height" style="--awb-bg-size:cover;--awb-margin-bottom:0px;"><div class="fusion-column-wrapper fusion-flex-column-wrapper-legacy"><div class="fusion-text fusion-text-1"><div class="field field-name-body field-type-text-with-summary field-label-hidden">
<div class="field-items">
<div class="field-item even">
<p>Espaces non contaminés, verdure et nature : découvrez les principaux parcs naturels de notre territoire.</p>
<p><strong>Parco Regionale del Campo dei Fiori</strong> : 6300 hectares sur le territoire de 17 communes et de 2 Communautés de Montagne, le plus grand parc de la province, avec des sentiers, des sommets et des vues à couper le souffle. Il comprend deux massifs montagneux : Campo dei Fiori et Martica-Chiusarella et son siège est situé à Brinzio.</p>
<p>Découvrez les sentiers de <a href="http://www.vareseturismo.it/gli-itinerari-trekking?area=104&amp;field_lunghezza_km_tid_selective=All&amp;field_difficolta_tid=All" target="_blank" rel="noopener noreferrer">trekking</a> et les <a href="http://www.vareseturismo.it/gli-itinerari-bici?area=104&amp;field_lunghezza_km_tid_selective=All&amp;field_difficolta_tid=All" target="_blank" rel="noopener noreferrer">pistes cyclables</a> des environs.</p>
<p><strong>Parco del Ticino</strong> : Il s’étend du Lac Majeur à la confluence avec la rivière Pô, sur une superficie totale d’environ 92.000 hectares, dans 47 communes réparties sur les provinces de Varèse, Milan et Pavie.</p>
<p>Grâce à son patrimoine naturel, paysager, artistique et historique, la vallée du Tessin a été reconnue par l’UNESCO comme une réserve de biosphère en 2002. La piste cyclable présente un grand intérêt pour les amateurs de deux-roues : dans le pays de Varèse, la piste cyclable d’environ 80 km part de Sesto Calende et serpente à travers les paysages préalpins typiques qui embrassent la vallée du Tessin. Sur le lit du fleuve, il n’est pas difficile d’apercevoir des hérons blancs et gris, des aigrettes garzettes, des colverts et des foulques.</p>
<p>Découvrez les sentiers de <a href="http://www.vareseturismo.it/gli-itinerari-trekking?area=103&amp;field_lunghezza_km_tid_selective=All&amp;field_difficolta_tid=All" target="_blank" rel="noopener noreferrer">trekking</a> et les <a href="http://www.vareseturismo.it/gli-itinerari-bici?area=103&amp;field_lunghezza_km_tid_selective=All&amp;field_difficolta_tid=All" target="_blank" rel="noopener noreferrer">pistes cyclables</a> des environs.</p>
<p><strong>Parco Valle del Lanza: </strong>il se développe principalement autour du flanc fluvial du torrent Lanza, sur 5 communes Bizzarone, Cagno, Valmorea, Rodero et Malnate, qui traverse tout le parc de la frontière suisse au nord-est jusqu’à son entrée dans la rivière Olona au sud-ouest, en coupant une vallée étroite dans un territoire purement collinaire. Il englobe plusieurs itinéraires et points d’intérêt, dont les anciennes voies du chemin de fer de Valmorea et la grotte de Molera.</p>
<p>Découvrez les sentiers de <a href="http://www.vareseturismo.it/gli-itinerari-trekking?area=105&amp;field_lunghezza_km_tid_selective=All&amp;field_difficolta_tid=All" target="_blank" rel="noopener noreferrer">trekking</a> et les <a href="http://www.vareseturismo.it/gli-itinerari-bici?area=105&amp;field_lunghezza_km_tid_selective=All&amp;field_difficolta_tid=All" target="_blank" rel="noopener noreferrer">pistes cyclables</a> des environs.</p>
<p><strong>Parco della Quassa</strong>: le golfe de la Quassa s’étend de la pointe de Ranco jusqu’au dernier des fourneaux d’Ispra. Il s’agit d’un petit parc protégé, qui abrite plusieurs espèces botaniques et animales, avec différents sentiers à suivre, aussi bien le long des rives du lac que dans le vert des bois et des prés.</p>
<p>Découvrez les sentiers de <a href="http://www.vareseturismo.it/gli-itinerari-trekking?area=103&amp;field_lunghezza_km_tid_selective=All&amp;field_difficolta_tid=All" target="_blank" rel="noopener noreferrer">trekking</a> et les <a href="http://www.vareseturismo.it/gli-itinerari-bici?area=103&amp;field_lunghezza_km_tid_selective=All&amp;field_difficolta_tid=All" target="_blank" rel="noopener noreferrer">pistes cyclables</a> des environs.</p>
<p><strong>Parco RTO (Rile Tenore Olona)</strong> : parc d’intérêt supra communal de plus de 2.700 hectares situés le long de la partie moyenne de la vallée de la rivière Olona, qui abrite également le monument naturel « Gonfolite e Forre dell’Olona ». Le parc tire son nom des trois ruisseaux qui le traversent et regroupe 12 communes de la région, dans le cadre d’un projet de protection de l’environnement et de la biodiversité.</p>
<p><strong>Parco dell’Argentera</strong>: plus de 5000 mètres carrés de parc situés dans la commune de Cadegliano Vicongao et traversés par le ruisseau Dovrana. Le vaste parc contient de nombreuses beautés naturelles, parmi lesquelles un petit lac et quelques moulins parfaitement conservés. La zone est également traversée par une piste cyclable.</p>
<p>Les chiens de toutes tailles sont autorisés en laisse conformément aux règles générales d&rsquo;hygiène et de protection de la sécurité publique*.</p>
<p>*Pour chaque besoin, se référer à la réglementation municipale.</p>
<div class="fusion-button-wrapper"><a class="fusion-button button-flat fusion-button-default-size button-default fusion-button-default button-1 fusion-button-default-span fusion-button-default-type" target="_blank" rel="noopener noreferrer" href="http://www.vareseturismo.it/blog/parchi-naturali"><span class="fusion-button-text awb-button__text awb-button__text--default">Découvrez-plus</span></a></div></div>
</div>
</div>
</div><div class="fusion-clearfix"></div></div></div></div></div>
