{"id":3682,"date":"2020-02-01T17:51:52","date_gmt":"2020-02-01T17:51:52","guid":{"rendered":"https:\/\/campinglagodimonate.it\/portfolio-items\/villa-della-porta-bozzolo-18-km\/"},"modified":"2023-02-02T18:58:38","modified_gmt":"2023-02-02T18:58:38","slug":"villa-della-porta-bozzolo-18-km","status":"publish","type":"avada_portfolio","link":"https:\/\/campinglagodimonate.it\/de\/portfolio-items\/villa-della-porta-bozzolo-18-km\/","title":{"rendered":"Villa della Porta Bozzolo (18 km)"},"content":{"rendered":"<div class=\"fusion-fullwidth fullwidth-box fusion-builder-row-1 hundred-percent-fullwidth non-hundred-percent-height-scrolling\" style=\"--awb-border-radius-top-left:0px;--awb-border-radius-top-right:0px;--awb-border-radius-bottom-right:0px;--awb-border-radius-bottom-left:0px;--awb-overflow:visible;--awb-flex-wrap:wrap;\" ><div class=\"fusion-builder-row fusion-row\"><div class=\"fusion-layout-column fusion_builder_column fusion-builder-column-0 fusion_builder_column_1_1 1_1 fusion-one-full fusion-column-first fusion-column-last fusion-column-no-min-height\" style=\"--awb-bg-size:cover;--awb-margin-bottom:0px;\"><div class=\"fusion-column-wrapper fusion-flex-column-wrapper-legacy\"><div class=\"fusion-title title fusion-title-1 fusion-sep-none fusion-title-text fusion-title-size-two\" style=\"--awb-margin-top-small:0px;--awb-margin-right-small:0px;--awb-margin-bottom-small:20px;--awb-margin-left-small:0px;\"><h2 class=\"fusion-title-heading title-heading-left fusion-responsive-typography-calculated\" style=\"margin:0;--fontSize:56;line-height:1.39;\">Villa della Porta Bozzolo (18 km)<\/h2><\/div><div class=\"fusion-sep-clear\"><\/div><div class=\"fusion-separator fusion-full-width-sep\" style=\"margin-left: auto;margin-right: auto;margin-top:5px;margin-bottom:5px;width:100%;\"><\/div><div class=\"fusion-sep-clear\"><\/div><div class=\"fusion-clearfix\"><\/div><\/div><\/div><div class=\"fusion-layout-column fusion_builder_column fusion-builder-column-1 fusion_builder_column_1_1 1_1 fusion-one-full fusion-column-first fusion-column-last fusion-column-no-min-height\" style=\"--awb-bg-size:cover;--awb-margin-bottom:0px;\"><div class=\"fusion-column-wrapper fusion-flex-column-wrapper-legacy\"><div class=\"fusion-text fusion-text-1\"><div class=\"field field-name-body field-type-text-with-summary field-label-hidden\">\n<div class=\"field-items\">\n<div class=\"field-item even\">\n<p>Im 16. Jahrhundert als<strong> Landsitz<\/strong> gegr\u00fcndet, wurde es zu einem Adelssitz und um einen gro\u00dfen Garten im italienischen Stil erweitert, der zu den majest\u00e4tischsten und harmonischsten gr\u00fcnen architektonischen Kreationen geh\u00f6rt, die heute in Italien erhalten sind. Die Innenr\u00e4ume bewahren einen der dekorativsten und raffiniertesten Zyklen der Lombardei des 18. Jahrhunderts, der gr\u00f6\u00dftenteils der Werkstatt des Vareser K\u00fcnstlers Magatti zugeschrieben wird. Das Hauptgeb\u00e4ude der Villa wird von <strong>interessanten rustikalen<\/strong> Geb\u00e4uden flankiert, darunter St\u00e4lle, Scheunen und eine monumentale Presse.<\/p>\n<p>Verpassen Sie nicht den Park und den Rosengarten, der <strong>im Mai<\/strong> in voller <strong>Bl\u00fcte<\/strong> steht. Die Villa beherbergt auch ein Caf\u00e9-Restaurant und verschiedene Veranstaltungen im Sommer.<\/p>\n<div class=\"fusion-button-wrapper\"><a class=\"fusion-button button-flat fusion-button-default-size button-default fusion-button-default button-1 fusion-button-default-span fusion-button-default-type\" target=\"_blank\" rel=\"noopener noreferrer\" href=\"http:\/\/www.vareseturismo.it\/blog\/villa-della-porta-bozzolo\"><span class=\"fusion-button-text awb-button__text awb-button__text--default\">ERFAHREN SIE MEHR !<\/span><\/a><\/div><\/div>\n<\/div>\n<\/div>\n<\/div><div class=\"fusion-clearfix\"><\/div><\/div><\/div><\/div><\/div>\n","protected":false},"excerpt":{"rendered":"","protected":false},"author":1,"featured_media":2753,"menu_order":0,"comment_status":"open","ping_status":"closed","template":"","format":"standard","meta":{"footnotes":""},"portfolio_category":[92],"portfolio_skills":[],"portfolio_tags":[],"class_list":["post-3682","avada_portfolio","type-avada_portfolio","status-publish","format-standard","has-post-thumbnail","hentry","portfolio_category-museen-und-statten-von-kulturellem-interesse"],"_links":{"self":[{"href":"https:\/\/campinglagodimonate.it\/de\/wp-json\/wp\/v2\/avada_portfolio\/3682","targetHints":{"allow":["GET"]}}],"collection":[{"href":"https:\/\/campinglagodimonate.it\/de\/wp-json\/wp\/v2\/avada_portfolio"}],"about":[{"href":"https:\/\/campinglagodimonate.it\/de\/wp-json\/wp\/v2\/types\/avada_portfolio"}],"author":[{"embeddable":true,"href":"https:\/\/campinglagodimonate.it\/de\/wp-json\/wp\/v2\/users\/1"}],"replies":[{"embeddable":true,"href":"https:\/\/campinglagodimonate.it\/de\/wp-json\/wp\/v2\/comments?post=3682"}],"version-history":[{"count":2,"href":"https:\/\/campinglagodimonate.it\/de\/wp-json\/wp\/v2\/avada_portfolio\/3682\/revisions"}],"predecessor-version":[{"id":3684,"href":"https:\/\/campinglagodimonate.it\/de\/wp-json\/wp\/v2\/avada_portfolio\/3682\/revisions\/3684"}],"wp:featuredmedia":[{"embeddable":true,"href":"https:\/\/campinglagodimonate.it\/de\/wp-json\/wp\/v2\/media\/2753"}],"wp:attachment":[{"href":"https:\/\/campinglagodimonate.it\/de\/wp-json\/wp\/v2\/media?parent=3682"}],"wp:term":[{"taxonomy":"portfolio_category","embeddable":true,"href":"https:\/\/campinglagodimonate.it\/de\/wp-json\/wp\/v2\/portfolio_category?post=3682"},{"taxonomy":"portfolio_skills","embeddable":true,"href":"https:\/\/campinglagodimonate.it\/de\/wp-json\/wp\/v2\/portfolio_skills?post=3682"},{"taxonomy":"portfolio_tags","embeddable":true,"href":"https:\/\/campinglagodimonate.it\/de\/wp-json\/wp\/v2\/portfolio_tags?post=3682"}],"curies":[{"name":"wp","href":"https:\/\/api.w.org\/{rel}","templated":true}]}}

<div class="fusion-fullwidth fullwidth-box fusion-builder-row-1 hundred-percent-fullwidth non-hundred-percent-height-scrolling" style="--awb-border-radius-top-left:0px;--awb-border-radius-top-right:0px;--awb-border-radius-bottom-right:0px;--awb-border-radius-bottom-left:0px;--awb-overflow:visible;--awb-flex-wrap:wrap;" ><div class="fusion-builder-row fusion-row"><div class="fusion-layout-column fusion_builder_column fusion-builder-column-0 fusion_builder_column_1_1 1_1 fusion-one-full fusion-column-first fusion-column-last fusion-column-no-min-height" style="--awb-bg-size:cover;--awb-margin-bottom:0px;"><div class="fusion-column-wrapper fusion-flex-column-wrapper-legacy"><div class="fusion-title title fusion-title-1 fusion-sep-none fusion-title-text fusion-title-size-two" style="--awb-margin-top-small:0px;--awb-margin-right-small:0px;--awb-margin-bottom-small:20px;--awb-margin-left-small:0px;"><h2 class="fusion-title-heading title-heading-left fusion-responsive-typography-calculated" style="margin:0;--fontSize:56;line-height:1.39;">Villa della Porta Bozzolo (18 km)</h2></div><div class="fusion-sep-clear"></div><div class="fusion-separator fusion-full-width-sep" style="margin-left: auto;margin-right: auto;margin-top:5px;margin-bottom:5px;width:100%;"></div><div class="fusion-sep-clear"></div><div class="fusion-clearfix"></div></div></div><div class="fusion-layout-column fusion_builder_column fusion-builder-column-1 fusion_builder_column_1_1 1_1 fusion-one-full fusion-column-first fusion-column-last fusion-column-no-min-height" style="--awb-bg-size:cover;--awb-margin-bottom:0px;"><div class="fusion-column-wrapper fusion-flex-column-wrapper-legacy"><div class="fusion-text fusion-text-1"><div class="field field-name-body field-type-text-with-summary field-label-hidden">
<div class="field-items">
<div class="field-item even">
<p>Im 16. Jahrhundert als<strong> Landsitz</strong> gegründet, wurde es zu einem Adelssitz und um einen großen Garten im italienischen Stil erweitert, der zu den majestätischsten und harmonischsten grünen architektonischen Kreationen gehört, die heute in Italien erhalten sind. Die Innenräume bewahren einen der dekorativsten und raffiniertesten Zyklen der Lombardei des 18. Jahrhunderts, der größtenteils der Werkstatt des Vareser Künstlers Magatti zugeschrieben wird. Das Hauptgebäude der Villa wird von <strong>interessanten rustikalen</strong> Gebäuden flankiert, darunter Ställe, Scheunen und eine monumentale Presse.</p>
<p>Verpassen Sie nicht den Park und den Rosengarten, der <strong>im Mai</strong> in voller <strong>Blüte</strong> steht. Die Villa beherbergt auch ein Café-Restaurant und verschiedene Veranstaltungen im Sommer.</p>
<div class="fusion-button-wrapper"><a class="fusion-button button-flat fusion-button-default-size button-default fusion-button-default button-1 fusion-button-default-span fusion-button-default-type" target="_blank" rel="noopener noreferrer" href="http://www.vareseturismo.it/blog/villa-della-porta-bozzolo"><span class="fusion-button-text awb-button__text awb-button__text--default">ERFAHREN SIE MEHR !</span></a></div></div>
</div>
</div>
</div><div class="fusion-clearfix"></div></div></div></div></div>
